).
-6
Let c = 18 - 12. Let k(p) be the third derivative of p**4/24 - 2*p**3 + 60*p**2. What is k(c)?
-6
Let l(n) = -2*n**3 - 3*n**2 + 2*n - 1. Let g(p) = 2*p**3 + 4*p**2 - 2*p + 1. Let j = 7 - 2. Let k(u) = j*g(u) + 6*l(u). Calculate k(2).
-5
Let p(u) = -u**3 - u**2 + u + 1. Let g(h) = -h**3 - 2*h + 1. Let i(q) = g(q) - 2*p(q). Let v be i(-3). Let f(w) = -21*w**2 - w - 6 + 4 + 20*w**2. What is f(v)?
-8
Let k(f) = -2*f**2 - 41*f - 18. Let y be k(-20). Let h(p) = p**3 - 4*p**2 + 3*p - 1. Give h(y).
-3
Let j(m) = -13*m**3 - m**2 + 2*m - 1. Let z(a) = a**3 + 10*a**2 + 1. Suppose 41 = -4*i + s, -4*s = -4*i - 30 - 14. Let d be z(i). Calculate j(d).
-13
Let p(q) = q - 3. Let r = 21 + -17. What is p(r)?
1
Suppose 472 = 4*h + 6*a - a, -h + 4*a + 139 = 0. Let s be h/(-39) + (-2)/(-13). Let g(o) = 2*o**3 - 3*o**3 - 3*o**2 - 2 + 1 - 2*o. What is g(s)?
5
Let y = 2 + -4. Let m(o) = 3 - 1 + 2*o - 1 - 5*o. Determine m(y).
7
Let r(s) = -13*s**3 + s. Let j be ((-2)/(-4))/((-2)/(-4)). Give r(j).
-12
Let z(b) = -4*b + 7 + 4 + b**3 - 7*b**2 + 3*b - 4*b**3. Let x(g) = g**3 + 2*g**2 - 4. Let k(i) = -11*x(i) - 4*z(i). Give k(-5).
5
Let r(y) = y**3 - 4*y**2 + 3. Suppose 0 = -6*z + z + 15. Let t(p) = p**3 - 4*p**2 + 4*p. Let x be t(z). Give r(x).
-6
Let k(p) = -4*p + 10. Let f(o) = -3*o + 9. Let j(t) = 3*f(t) - 2*k(t). Let b(l) = 2*l**2 + 12*l + 3. Let z be b(-6). Determine j(z).
4
Let q(y) = y - 2. Let v be q(5). Let r(k) = 4*k**3 - 4*k**2 - 4*k - 1. Let t(a) = -1 + a**3 + a + a**2 + 2 - 2*a**3. Let i(p) = v*t(p) + r(p). What is i(0)?
2
Let b(l) = l**2 + 3*l - 6. Let d be b(-5). Let j(p) = -9*p + 5. Let t(u) = 10*u - 6. Let w(y) = d*j(y) + 3*t(y). What is w(2)?
-10
Let y be (-3)/(-18) - 51/(-18). Let v(u) = u**y + 2*u + 3 - 2*u - 4. What is v(-1)?
-2
Let v(b) = -b - 6. Suppose 2*u - 4*u + 2*o = 6, 3*o - 15 = -3*u. Let l = -1 + u. Suppose 0*m + m = l. Give v(m).
-6
Let s be (-8)/12*(2 - 5). Let l(a) = a**s + 4*a**3 - 8 - 2*a**2 - 6*a**3 + 3*a**3 - a. Determine l(0).
-8
Let n be -14*(-2)/16*4. Suppose -3*r - 4 = -n*r. Let g(o) = 5*o + 1 - 3*o + 2*o. What is g(r)?
5
Let q(m) = -m**2 + 9*m - 4. Suppose 14 + 19 = 5*l + 4*a, -5*a = -l + 24. Let g be q(l). Let i(k) = -k**3 - 5*k**2 - 4*k + 4. What is i(g)?
4
Let z(m) be the second derivative of m**3/6 - 2*m**2 + 3*m. Let b be z(6). Let c(o) = -5*o + 1. Let v(r) = 6*r - 1. Let a(n) = b*c(n) + 3*v(n). Give a(1).
7
Let p(f) be the first derivative of f**4/4 - 5*f**3/3 - 3*f - 5. Let v be 1/3 - (-14)/3. Give p(v).
-3
Let x(q) be the second derivative of 0 - 1/6*q**4 + 1/2*q**3 - 2*q + 0*q**2. Let c be (-32)/(-18) + (-4)/(-18). Determine x(c).
-2
Let s(c) = c**2 - 10*c + 20. Let f be s(8). Let h(m) = m**2 + 1 - 4*m + 4 - 2*m. Give h(f).
-3
Let f be -4 + (-6)/18*3. Let x(w) = w**2 + 5*w + 6. Let g be x(-4). Let u(b) = 3 - 5 - b - g. What is u(f)?
1
Let g(j) be the first derivative of -j**7/840 - 7*j**6/360 + j**4/12 - 5*j**3/3 + 4. Let t(y) be the third derivative of g(y). Determine t(-7).
2
Let u(s) be the third derivative of 11*s**6/120 - s**5/12 + s**4/4 - s**3 + 2*s**2. Let a(i) = -i**2 + i - 1. Let v(r) = 6*a(r) - u(r). Give v(-1).
10
Let a = -2 - -4. Let o = 9 - 6. Suppose 3*m = -o*b - 9, -a*b + 15 + 4 = -3*m. Let w(g) = -g**2 - 5*g - 5. Calculate w(m).
-5
Let s(w) = 2*w - 1. Suppose 2*h + 3*h = -15. Let p(g) = -3*g - 4. Let f be p(h). Suppose -3 = -f*d + 7. Give s(d).
3
Let k(v) = -v**2 - v. Suppose -2*g - 3*b + 2*b = -6, -16 = -5*g - 2*b. Suppose g*p = 2*p + 6. Suppose -p - 2 = -5*n. Determine k(n).
-2
Suppose -u + 2*s = s - 6, 0 = -2*u + s + 10. Let j(x) be the third derivative of 0*x + 1/2*x**3 + 0 + 1/24*x**u + 2*x**2. Calculate j(-6).
-3
Let u(a) = 3*a**2 + 1 + a**3 - 2*a**3 - 4*a + 2*a**3. Let i be u(-4). Let n(k) = 7*k. What is n(i)?
7
Let v(q) = 2*q**2 + 4*q + 3. Let t(g) = -3*g**2 - 3*g - 4. Let i(a) = -3*t(a) - 4*v(a). Let s = 52 - 46. Determine i(s).
-6
Let k be 4 + (4 - 1)/(-3). Let g = k - 3. Let c(p) be the first derivative of p**2/2 - p - 1. Determine c(g).
-1
Let z(h) be the second derivative of -h**5/20 - h**4/2 - h**3 + 3*h**2/2 - 6*h. Give z(-5).
8
Let v(d) be the first derivative of 4*d**3/3 + d**2/2 - 7*d + 7. Let a(q) be the first derivative of v(q). Calculate a(-1).
-7
Let w(y) be the third derivative of y**4/24 + 7*y**3/6 - 12*y**2. Give w(0).
7
Suppose -5*v = -4*v - 2. Suppose 3*q - 1 = v. Let i = q + -4. Let d(u) = -u**3 - 3*u**2 - u. Determine d(i).
3
Suppose -3*q = 3, 3*q = 2*i + q - 16. Let m(v) = -v**3 + 7*v**2 + 2*v - 10. Give m(i).
4
Let h = -12 - -7. Let n(b) be the third derivative of b**5/60 + b**4/4 + b**3/3 + b**2. Give n(h).
-3
Suppose -j - a = -5, -2*a + 10 = -j - 0*a. Let v(m) be the second derivative of j*m**3 + 1/12*m**4 + m**2 - 2*m + 0. Give v(2).
6
Let h(j) = -j**3 + 6*j**2 - 4*j - 3. Let p be h(5). Suppose p*c = -c. Let t(k) = -k**3 + k**2 + k + 6. Calculate t(c).
6
Let k(l) = 4*l**3 + l**2 - 3*l - 8. Let r(b) = 5*b**3 + b**2 - 4*b - 8. Let s(f) = 4*k(f) - 3*r(f). Let x = -5 + 5. Calculate s(x).
-8
Let d(h) be the first derivative of 4 + 0*h + 0*h**2 + 2/3*h**3. Calculate d(1).
2
Let o(v) be the first derivative of v**5/120 - 3*v**4/8 + v**3/3 - 1. Let u(r) be the third derivative of o(r). Suppose -12 = -106*i + 103*i. What is u(i)?
-5
Let n(q) = q + 6. Let z be n(-3). Let d(v) = -5*v - 2*v**3 + v**z + 4*v + 5*v**2. Let l be d(5). Let x(t) = t + 2. Determine x(l).
-3
Let v be 3*4/6*2. Let z(h) = -3*h + 1 + 1 + v*h + 6. Calculate z(-4).
4
Let a = -241 + 241. Let n(f) be the second derivative of f**4/12 - 5*f**2/2 + f. Calculate n(a).
-5
Let h(i) = 0*i + 0*i + 1 - 6*i. Give h(1).
-5
Let v(h) = -4*h - 3. Let w(p) = -1. Let x(n) = v(n) - 4*w(n). Suppose 0 = y + y - 8. Suppose -3*l + y*l + 3*a = 13, 0 = 4*l + 3*a - 16. What is x(l)?
-3
Suppose -10 = -3*i - 1. Suppose -k - i*k = 0. Let j(n) = n**3 - 6 - n**2 - 28*n + 28*n. Calculate j(k).
-6
Let y be 3/2 - (-1)/(-2). Suppose -8 + y = -c. Let k = c + -8. Let t(n) = -n**2 - n - 1. Calculate t(k).
-1
Let i(q) = q**2 + q - 5. Let t(g) = g**2. Let n be t(-3). Let d = n - 2. Suppose 5*o = -27 + d. Determine i(o).
7
Let f be 2 + 0*3/(-9). Let y(b) = 2*b**2 - 8 + 7 - f*b**2 + b**2. Suppose -w - 4*w - 10 = 0. Calculate y(w).
3
Let a(r) = r**2 - 6*r - 4. Let d be (-2)/5 + (-185)/(-25). What is a(d)?
3
Let g(m) = -m**3 + 4*m**2 - 3*m + 2. Let v be g(3). Let i(n) = n**v + 5*n + 2*n - 4*n - n. Calculate i(-3).
3
Let u(s) be the third derivative of s**4/24 + 2*s**3 + 26*s**2. What is u(-7)?
5
Let p(h) = h**3 - 8*h**2 + h - 8. Let m be p(8). Suppose 2*n + a = n - 2, -3*n + 3*a - 24 = m. Let s(x) = -x + 1. Calculate s(n).
6
Let k be (-9)/6*2/3. Let j be ((-4)/(-6))/(k/(-9)). Let q(b) = -j + 2 - b + 3. Give q(-4).
3
Suppose -g - 3*g + 12 = 0. Let y(x) be the first derivative of x**3/3 - x**2/2 - 28. Calculate y(g).
6
Let u(j) be the first derivative of -3 - j - 1/3*j**3 - 1/2*j**2. Calculate u(-3).
-7
Let w = -5 - -3. Suppose j + 4*x - 1 = -4, -1 = x. Let u(s) = 2*s - 4. Let k(o) = -1. Let i(r) = j*u(r) - 6*k(r). Determine i(w).
-2
Let u(s) = s**3 - 6*s**2 + 7*s + 1. Let g be 12/10*20/6. Suppose g*b + 0*b = 20. Determine u(b).
11
Let t(r) be the third derivative of r**7/840 - r**6/360 - r**5/120 - r**4/4 + r**3/6 + 2*r**2. Let f(a) be the first derivative of t(a). Give f(0).
-6
Let s(h) be the third derivative of h**5/60 + h**4/4 - 2*h**3/3 + h**2. Let k = 22 + -20. Let p be (8 + 0 - k)*-1. Determine s(p).
-4
Let n be (-5)/(-10)*(1 - 1). Let f(i) = -i - 8. What is f(n)?
-8
Let i(f) = f**2 - 3*f**2 - 3 - 2*f**3 - 4*f - f**2. Suppose 0 + 2 = 4*u - 2*p, u + p + 7 = 0. Calculate i(u).
9
Let z(a) = -8*a - 4 - 2 + 0*a. Let f(u) = -u - 1. Let i(x) = x**3 - x**2 - 3*x + 3. Let y be i(2). Let p(w) = y*z(w) - 5*f(w). What is p(2)?
-7
Let x(r) = -2*r + 1. Let z be 40/(-16)*(-2)/5. Give x(z).
-1
Let q(o) = -o**3 - o**2 + 2. Let r be q(0). Let n be -2 - (-1*r - 3). Suppose -2*x + 0*x + 6 = 0, -n*x + 14 = -w. Let s(c) = c + 5. What is s(w)?
0
Let g(a) = -3 + 8*a - 2*a - 5*a. Let p = -8 + 12. Suppose -c - 11 = -p*h, -5*c = 2*h - c - 10. Calculate g(h).
0
Let f(y) be the third derivative of -1/8*y**4 + 2*y**2 + 7/120*y**5 + 0*y + 0*y**3 + 0 - 1/360*y**6. Let l(s) be the second derivative of f(s). What is l(6)?
-5
Let i(h) be the third derivative of -5/3*h**3 - 4